{"id":398,"date":"2025-02-09T16:14:18","date_gmt":"2025-02-09T16:14:18","guid":{"rendered":"https:\/\/renovarenergia.com.ar\/?page_id=398"},"modified":"2025-02-09T16:49:14","modified_gmt":"2025-02-09T16:49:14","slug":"faro-solar-intermitente","status":"publish","type":"page","link":"https:\/\/renovarenergia.com.ar\/?page_id=398","title":{"rendered":"FARO SOLAR INTERMITENTE"},"content":{"rendered":"<div  class='flex_column av-1b6ly-c8ba1fc60ae1297aa77e2f1e548fb57c av_one_half  avia-builder-el-0  el_before_av_one_half  avia-builder-el-first  first flex_column_div  '     ><p>\n<style type=\"text\/css\" data-created_by=\"avia_inline_auto\" id=\"style-css-av-m6yam9jo-ee1d8cb5e0161d6f4588855ce0b3ccd8\">\n#top .av-special-heading.av-m6yam9jo-ee1d8cb5e0161d6f4588855ce0b3ccd8{\npadding-bottom:10px;\n}\nbody .av-special-heading.av-m6yam9jo-ee1d8cb5e0161d6f4588855ce0b3ccd8 .av-special-heading-tag .heading-char{\nfont-size:25px;\n}\n.av-special-heading.av-m6yam9jo-ee1d8cb5e0161d6f4588855ce0b3ccd8 .av-subheading{\nfont-size:15px;\n}\n<\/style>\n<div  class='av-special-heading av-m6yam9jo-ee1d8cb5e0161d6f4588855ce0b3ccd8 av-special-heading-h1  avia-builder-el-1  el_before_av_textblock  avia-builder-el-first '><h1 class='av-special-heading-tag '  itemprop=\"headline\"  >FARO SOLAR INTERMITENTE<\/h1><div class=\"special-heading-border\"><div class=\"special-heading-inner-border\"><\/div><\/div><\/div><br \/>\n\n<style type=\"text\/css\" data-created_by=\"avia_inline_auto\" id=\"style-css-av-m6yavy3k-03d9453b5b897210a5932063fdb22fac\">\n#top .av_textblock_section.av-m6yavy3k-03d9453b5b897210a5932063fdb22fac .avia_textblock{\nfont-size:18px;\n}\n<\/style>\n<section  class='av_textblock_section av-m6yavy3k-03d9453b5b897210a5932063fdb22fac '   itemscope=\"itemscope\" itemtype=\"https:\/\/schema.org\/CreativeWork\" ><div class='avia_textblock'  itemprop=\"text\" ><p>El faro intermitente alimentado por energ\u00eda solar es una soluci\u00f3n que no requiere conexi\u00f3n el\u00e9ctrica y puede ser instalado en lugares remotos. Adem\u00e1s, no es afectado por los cortes de luz, permitiendo una constancia en su funcionamiento. El sistema tiene como objetivo reducir la velocidad de los veh\u00edculos en \u00e1reas donde hay peatones, reduciendo el riesgo de una colisi\u00f3n.<\/p>\n<\/div><\/section><br \/>\n\n<style type=\"text\/css\" data-created_by=\"avia_inline_auto\" id=\"style-css-av-m6yb5jnz-b42ec59304907b0f352efffd43f86895\">\n#top .avia-icon-list-container.av-m6yb5jnz-b42ec59304907b0f352efffd43f86895 .iconlist_icon{\ncolor:#000000;\nbackground-color:#4ecac2;\nbackground:linear-gradient( to bottom, #4ecac2, #ffffff );\n}\n<\/style>\n<div  class='avia-icon-list-container av-m6yb5jnz-b42ec59304907b0f352efffd43f86895  avia-builder-el-3  el_after_av_textblock  avia-builder-el-last '><ul class='avia-icon-list avia_animate_when_almost_visible avia-icon-list-left av-iconlist-big av-m6yb5jnz-b42ec59304907b0f352efffd43f86895 avia-iconlist-animate'>\n<li><div class='iconlist_icon av-m6yaz2vy-29fd565a54a934428cc9ff6a06cddb97 avia-font-entypo-fontello'><span class='iconlist-char' aria-hidden='true' data-av_icon='\ue8a9' data-av_iconfont='entypo-fontello'><\/span><\/div><article class=\"article-icon-entry av-iconlist-empty\"  itemscope=\"itemscope\" itemtype=\"https:\/\/schema.org\/CreativeWork\" ><div class=\"iconlist_content_wrap\"><header class=\"entry-content-header\" aria-label=\"Icon: SISTEMA TOTALMENTE AUT\u00d3NOMO\"><h4 class='av_iconlist_title iconlist_title  '  itemprop=\"headline\" >SISTEMA TOTALMENTE AUT\u00d3NOMO<\/h4><\/header><div class='iconlist_content '  itemprop=\"text\" ><\/div><\/div><footer class=\"entry-footer\"><\/footer><\/article><div class=\"iconlist-timeline\"><\/div><\/li>\n<li><div class='iconlist_icon av-m6yazm99-22fd9948ce381b807df13efdcb0ba3c9 avia-font-entypo-fontello'><span class='iconlist-char' aria-hidden='true' data-av_icon='\ue862' data-av_iconfont='entypo-fontello'><\/span><\/div><article class=\"article-icon-entry av-iconlist-empty\"  itemscope=\"itemscope\" itemtype=\"https:\/\/schema.org\/CreativeWork\" ><div class=\"iconlist_content_wrap\"><header class=\"entry-content-header\" aria-label=\"Icon: FUNCIONAMIENTO 24 HORAS\"><h4 class='av_iconlist_title iconlist_title  '  itemprop=\"headline\" >FUNCIONAMIENTO 24 HORAS<\/h4><\/header><div class='iconlist_content '  itemprop=\"text\" ><\/div><\/div><footer class=\"entry-footer\"><\/footer><\/article><div class=\"iconlist-timeline\"><\/div><\/li>\n<li><div class='iconlist_icon av-m6yb4cv2-eaff2bda81ed705a587e721b84846bcc avia-font-entypo-fontello'><span class='iconlist-char' aria-hidden='true' data-av_icon='\ue8de' data-av_iconfont='entypo-fontello'><\/span><\/div><article class=\"article-icon-entry av-iconlist-empty\"  itemscope=\"itemscope\" itemtype=\"https:\/\/schema.org\/CreativeWork\" ><div class=\"iconlist_content_wrap\"><header class=\"entry-content-header\" aria-label=\"Icon: REDUCE ACCIDENTES DE TRANSITO\"><h4 class='av_iconlist_title iconlist_title  '  itemprop=\"headline\" >REDUCE ACCIDENTES DE TRANSITO<\/h4><\/header><div class='iconlist_content '  itemprop=\"text\" ><\/div><\/div><footer class=\"entry-footer\"><\/footer><\/article><div class=\"iconlist-timeline\"><\/div><\/li>\n<li><div class='iconlist_icon av-m6yb8cv1-1bf724c1aba04c6952efdf8b723fe188 avia-font-entypo-fontello'><span class='iconlist-char' aria-hidden='true' data-av_icon='\ue860' data-av_iconfont='entypo-fontello'><\/span><\/div><article class=\"article-icon-entry av-iconlist-empty\"  itemscope=\"itemscope\" itemtype=\"https:\/\/schema.org\/CreativeWork\" ><div class=\"iconlist_content_wrap\"><header class=\"entry-content-header\" aria-label=\"Icon: CONFIGURACI\u00d3N MODIFICABLE\"><h4 class='av_iconlist_title iconlist_title  '  itemprop=\"headline\" >CONFIGURACI\u00d3N MODIFICABLE<\/h4><\/header><div class='iconlist_content '  itemprop=\"text\" ><\/div><\/div><footer class=\"entry-footer\"><\/footer><\/article><div class=\"iconlist-timeline\"><\/div><\/li>\n<\/ul><\/div><\/p><\/div><div  class='flex_column av-8tgjq-a5ab39d3e9db38bccad6bf0ae52ea44b av_one_half  avia-builder-el-4  el_after_av_one_half  el_before_av_section  avia-builder-el-last  flex_column_div  '     ><style type=\"text\/css\" data-created_by=\"avia_inline_auto\" id=\"style-css-av-m6yalnxb-f36e4e5ba7907412d38f05bf1de3eb8e\">\n.avia-image-container.av-m6yalnxb-f36e4e5ba7907412d38f05bf1de3eb8e img.avia_image{\nbox-shadow:none;\n}\n.avia-image-container.av-m6yalnxb-f36e4e5ba7907412d38f05bf1de3eb8e .av-image-caption-overlay-center{\ncolor:#ffffff;\n}\n<\/style>\n<div  class='avia-image-container av-m6yalnxb-f36e4e5ba7907412d38f05bf1de3eb8e av-styling- avia-align-center  avia-builder-el-5  avia-builder-el-no-sibling '   itemprop=\"image\" itemscope=\"itemscope\" itemtype=\"https:\/\/schema.org\/ImageObject\" ><div class=\"avia-image-container-inner\"><div class=\"avia-image-overlay-wrap\"><img decoding=\"async\" fetchpriority=\"high\" class='wp-image-411 avia-img-lazy-loading-not-411 avia_image ' src=\"https:\/\/renovarenergia.com.ar\/wp-content\/uploads\/2025\/02\/Faro-solar-2.jpg\" alt='' title=''  height=\"1271\" width=\"1200\"  itemprop=\"thumbnailUrl\" srcset=\"https:\/\/renovarenergia.com.ar\/wp-content\/uploads\/2025\/02\/Faro-solar-2.jpg 1200w, https:\/\/renovarenergia.com.ar\/wp-content\/uploads\/2025\/02\/Faro-solar-2-283x300.jpg 283w, https:\/\/renovarenergia.com.ar\/wp-content\/uploads\/2025\/02\/Faro-solar-2-972x1030.jpg 972w, https:\/\/renovarenergia.com.ar\/wp-content\/uploads\/2025\/02\/Faro-solar-2-768x813.jpg 768w, https:\/\/renovarenergia.com.ar\/wp-content\/uploads\/2025\/02\/Faro-solar-2-666x705.jpg 666w\" sizes=\"(max-width: 1200px) 100vw, 1200px\" \/><\/div><\/div><\/div><\/div><\/div><\/div><\/div><!-- close content main div --><\/div><\/div>\n<style type=\"text\/css\" data-created_by=\"avia_inline_auto\" id=\"style-css-av-116wxa-e79cb7ca5ac2824d68bc594f27449a1b\">\n.avia-section.av-116wxa-e79cb7ca5ac2824d68bc594f27449a1b{\nbackground-repeat:no-repeat;\nbackground-image:url(https:\/\/renovarenergia.com.ar\/wp-content\/uploads\/2024\/10\/pexels-pixabay-53594-1-scaled.jpg);\nbackground-position:50% 50%;\nbackground-attachment:scroll;\n}\n<\/style>\n<div id='av_section_1'  class='avia-section av-116wxa-e79cb7ca5ac2824d68bc594f27449a1b main_color avia-section-default avia-shadow  avia-builder-el-6  el_after_av_one_half  avia-builder-el-last  avia-bg-style-scroll av-minimum-height av-minimum-height-custom av-height-custom  container_wrap fullsize'  data-section-bg-repeat='no-repeat' data-av_minimum_height_px='300'><div class='container av-section-cont-open' style='height:300px'><div class='template-page content  av-content-full alpha units'><div class='post-entry post-entry-type-page post-entry-398'><div class='entry-content-wrapper clearfix'>\n\n<style type=\"text\/css\" data-created_by=\"avia_inline_auto\" id=\"style-css-av-v57qe-83bc9def8db729b5d4c7fdd811dc0c77\">\n#top .av-special-heading.av-v57qe-83bc9def8db729b5d4c7fdd811dc0c77{\npadding-bottom:10px;\ncolor:#ffffff;\n}\nbody .av-special-heading.av-v57qe-83bc9def8db729b5d4c7fdd811dc0c77 .av-special-heading-tag .heading-char{\nfont-size:25px;\n}\n.av-special-heading.av-v57qe-83bc9def8db729b5d4c7fdd811dc0c77 .special-heading-inner-border{\nborder-color:#ffffff;\n}\n.av-special-heading.av-v57qe-83bc9def8db729b5d4c7fdd811dc0c77 .av-subheading{\nfont-size:15px;\n}\n<\/style>\n<div  class='av-special-heading av-v57qe-83bc9def8db729b5d4c7fdd811dc0c77 av-special-heading-h1 custom-color-heading blockquote modern-quote modern-centered  avia-builder-el-7  el_before_av_hr  avia-builder-el-first '><h1 class='av-special-heading-tag '  itemprop=\"headline\"  >\u00bfTENES UNA PREGUNTA O NECESITAS UN PRESUPUESTO?<\/h1><div class=\"special-heading-border\"><div class=\"special-heading-inner-border\"><\/div><\/div><\/div>\n\n<style type=\"text\/css\" data-created_by=\"avia_inline_auto\" id=\"style-css-av-robla-3d57b3b61b5132dff006a867e79cc032\">\n#top .hr.hr-invisible.av-robla-3d57b3b61b5132dff006a867e79cc032{\nheight:20px;\n}\n<\/style>\n<div  class='hr av-robla-3d57b3b61b5132dff006a867e79cc032 hr-invisible  avia-builder-el-8  el_after_av_heading  el_before_av_textblock '><span class='hr-inner '><span class=\"hr-inner-style\"><\/span><\/span><\/div>\n\n<style type=\"text\/css\" data-created_by=\"avia_inline_auto\" id=\"style-css-av-m7lsu-f7939655563d3ad00a8385543b62c945\">\n#top .av_textblock_section.av-m7lsu-f7939655563d3ad00a8385543b62c945 .avia_textblock{\ncolor:#f2f2f2;\n}\n<\/style>\n<section  class='av_textblock_section av-m7lsu-f7939655563d3ad00a8385543b62c945 '   itemscope=\"itemscope\" itemtype=\"https:\/\/schema.org\/CreativeWork\" ><div class='avia_textblock av_inherit_color'  itemprop=\"text\" ><h2 style=\"text-align: center;\">CONT\u00c1CTANOS Y TE LLAMAMOS<\/h2>\n<\/div><\/section>\n\n<style type=\"text\/css\" data-created_by=\"avia_inline_auto\" id=\"style-css-av-fwsoe-aeeccbd373300949f473e27f489014a3\">\n#top .hr.hr-invisible.av-fwsoe-aeeccbd373300949f473e27f489014a3{\nheight:20px;\n}\n<\/style>\n<div  class='hr av-fwsoe-aeeccbd373300949f473e27f489014a3 hr-invisible  avia-builder-el-10  el_after_av_textblock  el_before_av_button '><span class='hr-inner '><span class=\"hr-inner-style\"><\/span><\/span><\/div>\n<div  class='avia-button-wrap av-b0gom-4067d4e3ad83426d9cb1967caef24410-wrap avia-button-center  avia-builder-el-11  el_after_av_hr  avia-builder-el-last '>\n<style type=\"text\/css\" data-created_by=\"avia_inline_auto\" id=\"style-css-av-b0gom-4067d4e3ad83426d9cb1967caef24410\">\n#top #wrap_all .avia-button.av-b0gom-4067d4e3ad83426d9cb1967caef24410{\nfont-size:20px;\nborder-style:double;\ntransition:all 0.4s ease-in-out;\n}\n<\/style>\n<a href='https:\/\/renovarenergia.com.ar\/?page_id=25'  class='avia-button av-b0gom-4067d4e3ad83426d9cb1967caef24410 av-link-btn avia-icon_select-no avia-size-x-large avia-position-center avia-color-light'   aria-label=\"CONTACTO\"><span class='avia_iconbox_title' >CONTACTO<\/span><\/a><\/div>\n<\/p>\n","protected":false},"excerpt":{"rendered":"","protected":false},"author":1,"featured_media":0,"parent":0,"menu_order":0,"comment_status":"closed","ping_status":"closed","template":"","meta":{"_acf_changed":false,"footnotes":""},"class_list":["post-398","page","type-page","status-publish","hentry"],"yoast_head":"<!-- This site is optimized with the Yoast SEO plugin v23.7 - https:\/\/yoast.com\/wordpress\/plugins\/seo\/ -->\n<title>FARO SOLAR INTERMITENTE | RENOVAR ENERG\u00cdA<\/title>\n<meta name=\"robots\" content=\"index, follow, max-snippet:-1, max-image-preview:large, max-video-preview:-1\" \/>\n<link rel=\"canonical\" href=\"https:\/\/renovarenergia.com.ar\/?page_id=398\" \/>\n<meta property=\"og:locale\" content=\"en_US\" \/>\n<meta property=\"og:type\" content=\"article\" \/>\n<meta property=\"og:title\" content=\"FARO SOLAR INTERMITENTE | RENOVAR ENERG\u00cdA\" \/>\n<meta property=\"og:url\" content=\"https:\/\/renovarenergia.com.ar\/?page_id=398\" \/>\n<meta property=\"og:site_name\" content=\"My Blog\" \/>\n<meta property=\"article:modified_time\" content=\"2025-02-09T16:49:14+00:00\" \/>\n<meta name=\"twitter:card\" content=\"summary_large_image\" \/>\n<meta name=\"twitter:label1\" content=\"Est. reading time\" \/>\n\t<meta name=\"twitter:data1\" content=\"1 minute\" \/>\n<script type=\"application\/ld+json\" class=\"yoast-schema-graph\">{\"@context\":\"https:\/\/schema.org\",\"@graph\":[{\"@type\":\"WebPage\",\"@id\":\"https:\/\/renovarenergia.com.ar\/?page_id=398\",\"url\":\"https:\/\/renovarenergia.com.ar\/?page_id=398\",\"name\":\"FARO SOLAR INTERMITENTE | RENOVAR ENERG\u00cdA\",\"isPartOf\":{\"@id\":\"https:\/\/renovarenergia.com.ar\/#website\"},\"datePublished\":\"2025-02-09T16:14:18+00:00\",\"dateModified\":\"2025-02-09T16:49:14+00:00\",\"breadcrumb\":{\"@id\":\"https:\/\/renovarenergia.com.ar\/?page_id=398#breadcrumb\"},\"inLanguage\":\"en-US\",\"potentialAction\":[{\"@type\":\"ReadAction\",\"target\":[\"https:\/\/renovarenergia.com.ar\/?page_id=398\"]}]},{\"@type\":\"BreadcrumbList\",\"@id\":\"https:\/\/renovarenergia.com.ar\/?page_id=398#breadcrumb\",\"itemListElement\":[{\"@type\":\"ListItem\",\"position\":1,\"name\":\"Home\",\"item\":\"https:\/\/renovarenergia.com.ar\/?page_id=15\"},{\"@type\":\"ListItem\",\"position\":2,\"name\":\"FARO SOLAR INTERMITENTE\"}]},{\"@type\":\"WebSite\",\"@id\":\"https:\/\/renovarenergia.com.ar\/#website\",\"url\":\"https:\/\/renovarenergia.com.ar\/\",\"name\":\"My Blog\",\"description\":\"My WordPress Blog\",\"potentialAction\":[{\"@type\":\"SearchAction\",\"target\":{\"@type\":\"EntryPoint\",\"urlTemplate\":\"https:\/\/renovarenergia.com.ar\/?s={search_term_string}\"},\"query-input\":{\"@type\":\"PropertyValueSpecification\",\"valueRequired\":true,\"valueName\":\"search_term_string\"}}],\"inLanguage\":\"en-US\"}]}<\/script>\n<!-- \/ Yoast SEO plugin. -->","yoast_head_json":{"title":"FARO SOLAR INTERMITENTE | RENOVAR ENERG\u00cdA","robots":{"index":"index","follow":"follow","max-snippet":"max-snippet:-1","max-image-preview":"max-image-preview:large","max-video-preview":"max-video-preview:-1"},"canonical":"https:\/\/renovarenergia.com.ar\/?page_id=398","og_locale":"en_US","og_type":"article","og_title":"FARO SOLAR INTERMITENTE | RENOVAR ENERG\u00cdA","og_url":"https:\/\/renovarenergia.com.ar\/?page_id=398","og_site_name":"My Blog","article_modified_time":"2025-02-09T16:49:14+00:00","twitter_card":"summary_large_image","twitter_misc":{"Est. reading time":"1 minute"},"schema":{"@context":"https:\/\/schema.org","@graph":[{"@type":"WebPage","@id":"https:\/\/renovarenergia.com.ar\/?page_id=398","url":"https:\/\/renovarenergia.com.ar\/?page_id=398","name":"FARO SOLAR INTERMITENTE | RENOVAR ENERG\u00cdA","isPartOf":{"@id":"https:\/\/renovarenergia.com.ar\/#website"},"datePublished":"2025-02-09T16:14:18+00:00","dateModified":"2025-02-09T16:49:14+00:00","breadcrumb":{"@id":"https:\/\/renovarenergia.com.ar\/?page_id=398#breadcrumb"},"inLanguage":"en-US","potentialAction":[{"@type":"ReadAction","target":["https:\/\/renovarenergia.com.ar\/?page_id=398"]}]},{"@type":"BreadcrumbList","@id":"https:\/\/renovarenergia.com.ar\/?page_id=398#breadcrumb","itemListElement":[{"@type":"ListItem","position":1,"name":"Home","item":"https:\/\/renovarenergia.com.ar\/?page_id=15"},{"@type":"ListItem","position":2,"name":"FARO SOLAR INTERMITENTE"}]},{"@type":"WebSite","@id":"https:\/\/renovarenergia.com.ar\/#website","url":"https:\/\/renovarenergia.com.ar\/","name":"My Blog","description":"My WordPress Blog","potentialAction":[{"@type":"SearchAction","target":{"@type":"EntryPoint","urlTemplate":"https:\/\/renovarenergia.com.ar\/?s={search_term_string}"},"query-input":{"@type":"PropertyValueSpecification","valueRequired":true,"valueName":"search_term_string"}}],"inLanguage":"en-US"}]}},"acf":[],"_links":{"self":[{"href":"https:\/\/renovarenergia.com.ar\/index.php?rest_route=\/wp\/v2\/pages\/398","targetHints":{"allow":["GET"]}}],"collection":[{"href":"https:\/\/renovarenergia.com.ar\/index.php?rest_route=\/wp\/v2\/pages"}],"about":[{"href":"https:\/\/renovarenergia.com.ar\/index.php?rest_route=\/wp\/v2\/types\/page"}],"author":[{"embeddable":true,"href":"https:\/\/renovarenergia.com.ar\/index.php?rest_route=\/wp\/v2\/users\/1"}],"replies":[{"embeddable":true,"href":"https:\/\/renovarenergia.com.ar\/index.php?rest_route=%2Fwp%2Fv2%2Fcomments&post=398"}],"version-history":[{"count":10,"href":"https:\/\/renovarenergia.com.ar\/index.php?rest_route=\/wp\/v2\/pages\/398\/revisions"}],"predecessor-version":[{"id":412,"href":"https:\/\/renovarenergia.com.ar\/index.php?rest_route=\/wp\/v2\/pages\/398\/revisions\/412"}],"wp:attachment":[{"href":"https:\/\/renovarenergia.com.ar\/index.php?rest_route=%2Fwp%2Fv2%2Fmedia&parent=398"}],"curies":[{"name":"wp","href":"https:\/\/api.w.org\/{rel}","templated":true}]}}